by 42.
38
Calculate the remainder when 306 is divided by 59.
11
What is the remainder when 366604 is divided by 219?
217
What is the remainder when 32756 is divided by 32719?
37
What is the remainder when 17475 is divided by 261?
249
What is the remainder when 8123 is divided by 4057?
9
Calculate the remainder when 5150 is divided by 483.
320
Calculate the remainder when 93741 is divided by 28.
25
Calculate the remainder when 25789 is divided by 215.
204
Calculate the remainder when 57498 is divided by 9538.
270
Calculate the remainder when 803978 is divided by 244.
242
Calculate the remainder when 1982 is divided by 515.
437
What is the remainder when 66696 is divided by 4?
0
What is the remainder when 866003 is divided by 12?
11
Calculate the remainder when 214310 is divided by 43.
41
Calculate the remainder when 135790 is divided by 135746.
44
What is the remainder when 55300 is divided by 44?
36
Calculate the remainder when 757 is divided by 334.
89
What is the remainder when 3740 is divided by 605?
110
What is the remainder when 17581 is divided by 188?
97
Calculate the remainder when 73166 is divided by 25.
16
Calculate the remainder when 197415 is divided by 13.
10
Calculate the remainder when 4029 is divided by 50.
29
Calculate the remainder when 5304 is divided by 1011.
249
What is the remainder when 1318 is divided by 95?
83
Calculate the remainder when 23998 is divided by 10.
8
What is the remainder when 2525 is divided by 790?
155
Calculate the remainder when 798 is divided by 752.
46
Calculate the remainder when 1223 is divided by 1219.
4
Calculate the remainder when 43386 is divided by 21655.
76
Calculate the remainder when 9821 is divided by 189.
182
Calculate the remainder when 38518 is divided by 206.
202
Calculate the remainder when 3299 is divided by 74.
43
What is the remainder when 114621 is divided by 655?
651
Calculate the remainder when 116757 is divided by 120.
117
Calculate the remainder when 40769 is divided by 1853.
3
Calculate the remainder when 1178 is divided by 1133.
45
What is the remainder when 2069 is divided by 63?
53
What is the remainder when 32022 is divided by 240?
102
What is the remainder when 2309 is divided by 237?
176
Calculate the remainder when 5219 is divided by 711.
242
What is the remainder when 112142 is divided by 37364?
50
Calculate the remainder when 66633 is divided by 27.
24
Calculate the remainder when 179916 is divided by 25.
16
Calculate the remainder when 59501 is divided by 434.
43
What is the remainder when 187999 is divided by 71?
62
What is the remainder when 626382 is divided by 44?
42
Calculate the remainder when 33123 is divided by 267.
15
What is the remainder when 21980 is divided by 1221?
2
Calculate the remainder when 1952 is divided by 37.
28
What is the remainder when 5127 is divided by 166?
147
Calculate the remainder when 79589 is divided by 153.
29
What is the remainder when 2201 is divided by 1089?
23
Calculate the remainder when 145973 is divided by 139.
23
What is the remainder when 1554 is divided by 270?
204
Calculate the remainder when 2017 is divided by 43.
39
What is the remainder when 10857 is divided by 2695?
77
Calculate the remainder when 4300 is divided by 898.
708
Calculate the remainder when 29309 is divided by 715.
709
What is the remainder when 40389 is divided by 24?
21
What is the remainder when 710 is divided by 681?
29
Calculate the remainder when 175105 is divided by 25015.
0
What is the remainder when 12675 is divided by 60?
15
Calculate the remainder when 113322 is divided by 3.
0
Calculate the remainder when 7220 is divided by 120.
20
Calculate the remainder when 48214 is divided by 126.
82
What is the remainder when 8309 is divided by 7?
0
Calculate the remainder when 108914 is divided by 2054.
52
What is the remainder when 3786 is divided by 1033?
687
What is the remainder when 15958 is divided by 2590?
418
Calculate the remainder when 5944 is divided by 205.
204
What is the remainder when 1531 is divided by 748?
35
Calculate the remainder when 1141 is divided by 669.
472
What is the remainder when 14198 is divided by 1091?
15
What is the remainder when 21832 is divided by 7275?
7
Calculate the remainder when 2663261 is divided by 665815.
1
Calculate the remainder when 51584 is divided by 295.
254
Calculate the remainder when 5689 is divided by 45.
19
What is the remainder when 11967 is divided by 64?
63
What is the remainder when 5526 is divided by 614?
0
What is the remainder when 581132 is divided by 554?
540
Calculate the remainder when 123936 is divided by 386.
30
Calculate the remainder when 234046 is divided by 24.
22
Calculate the remainder when 53923 is divided by 118.
115
What is the remainder when 433743 is divided by 72289?
9
Calculate the remainder when 534166 is divided by 455.
451
Calculate the remainder when 35799 is divided by 10.
9
Calculate the remainder when 6313 is divided by 5394.
919
What is the remainder when 7480 is divided by 10?
0
Calculate the remainder when 2128 is divided by 1501.
627
Calculate the remainder when 34660 is divided by 70.
10
What is the remainder when 9202 is divided by 485?
472
Calculate the remainder when 358 is divided by 201.
157
Calculate the remainder when 8162 is divided by 151.
8
What is the remainder when 22466 is divided by 107?
103
Calculate the remainder when 2660 is divided by 2605.
55
Calculate the remainder when 126855 is divided by 8456.
15
What is the remainder when 21411 is divided by 606?
201
Calculate the remainder when 623 is divided by 57.
53
Calculate the remainder when 495623 is divided by 29.
13
Calculate the remainder when 14617 is divided by 395.
2
What is the remainder when 27981 is divided by 55?
41
Calculate the remainder when 1481 is divided by 186.
179
Calculate the remainder when 29840 is divided by 29742.
98
What is the remainder when 1354 is divided by 446?
16
What is the remainder when 18628 is divided by 1856?
68
Calculate the remainder when 1896 is divided by 271.
270
What is the remainder when 12860 is divided by 3179?
144
What is the remainder when 2637 is divided by 124?
33
What is the remainder when 1382 is divided by 449?
35
Calculate the remainder when 16720 is divided by 226.
222
What is the remainder when 2273140 is divided by 439?
437
Calculate the remainder when 308636 is divided by 161.
160
What is the remainder when 3968 is divided by 248?
0
Calculate the remainder when 281 is divided by 143.
138
Calculate the remainder when 78829 is divided by 63.
16
What is the remainder when 87452 is divided by 73?
71
Calculate the remainder when 1329 is divided by 283.
197
What is the remainder when 3821 is divided by 321?
290
What is the remainder when 53655 is divided by 146?
73
Calculate the remainder when 55274 is divided by 20.
14
What is the remainder when 32939 is divided by 784?
11
Calculate the remainder when 401 is divided by 94.
25
What is the remainder when 1348436 is divided by 1322?
1318
What is the remainder when 6885 is divided by 1376?
5
Calculate the remainder when 2032654 is divided by 106.
104
Calculate the remainder when 25330 is divided by 69.
7
What is the remainder when 523 is divided by 481?
42
Calculate the remainder when 218237 is divided by 203.
12
What is the remainder when 17422 is divided by 44?
42
What is the remainder when 11547 is divided by 98?
81
What is the remainder when 22468 is divided by 268?
224
Calculate the remainder when 135524 is divided by 922.
912
Calculate the remainder when 29842 is divided by 635.
632
Calculate the remainder when 171934 is divided by 398.
396
Calculate the remainder when 932718 is divided by 5.
3
Calculate the remainder when 77758 is divided by 9.
7
Calculate the remainder when 35118 is divided by 5835.
108
What is the remainder when 9674 is divided by 144?
26
What is the remainder when 1107257 is divided by 308?
305
Calculate the remainder when 7960 is divided by 996.
988
What is the remainder when 3397 is divided by 1?
0
Calculate the remainder when 113501 is divided by 258.
239
What is the remainder when 2614247 is divided by 819?
818
Calculate the remainder when 21800 is divided by 1680.
1640
Calculate the remainder when 131130 is divided by 1561.
6
What is the remainder when 459049 is 